hen 31 is divided by t?
7
Suppose -4*l + 3*m = 2*m + 116, 3*m - 145 = 5*l. Let n = 29 + l. What is the remainder when 89 is divided by n/(-12) + 1 + 17?
17
Let b(w) = 2*w + 10. Let s be b(7). Let c be (-3)/s + 642/16. Suppose -c - 120 = -5*x. Calculate the remainder when x is divided by 11.
10
Let f(j) = -5 + 2 + 19*j - 5 + 0. Let q be f(6). Suppose -22 = 3*r - q. Calculate the remainder when 54 is divided by r.
26
Let c(q) = -q**2 - 7*q + 21. Let u = -10 - -28. Calculate the remainder when u is divided by c(-9).
0
What is the remainder when (-4 - -3)*(-7 + 8) - -124 is divided by 18?
15
Let v(s) = -2*s**2 + 28*s + 137. What is the remainder when 109 is divided by v(15)?
2
Let n(j) = 14*j + 6. Let y be n(-3). Let g be (-204)/y + 2/6. Suppose -g*z + 31 + 11 = 0. What is the remainder when 27 is divided by z?
6
Let m = 185 - 175. Calculate the remainder when (2 - 1 - 18)/(-1) is divided by m.
7
What is the remainder when (354/(-9))/(0 - (-2)/(-3)) is divided by (31/(-1))/(-3 - -2)?
28
Calculate the remainder when (-3)/(-2)*(98800/30)/10 is divided by 31.
29
Let v = -110 - -140. Calculate the remainder when 596 is divided by v.
26
Let j(i) = i**2 + 7*i - 1. Let h be j(-7). Let c(u) = -12*u - 4. Calculate the remainder when c(h) is divided by 5.
3
Calculate the remainder when (-1569)/(-6) - (-2)/(-4) is divided by 33.
30
Suppose 0 = -31*b + 8089 - 1021. Calculate the remainder when b is divided by 47.
40
Suppose u + 15 + 39 = 3*f, -2*f = -3*u - 29. Calculate the remainder when 1213 is divided by f.
16
What is the remainder when 34 is divided by ((-6)/(-4) - 0)/(255/510)?
1
Suppose 8 = 5*q + k, 2*q + 0 + 2 = -3*k. Suppose 3*f = -0*f - q*d + 8, 0 = -f - 5*d - 19. What is the remainder when 29 is divided by f?
5
Let l(t) = t**3 - 10*t**2 - 18*t - 21. What is the remainder when 251 is divided by l(12)?
47
Let a = 13 - 10. Let x(m) = 2*m**3 + m**2 + m + 1. Let d be x(a). Suppose -10*q + 11*q - d = 0. Calculate the remainder when q is divided by 17.
16
Let t = 7 + -4. Let c be (-9)/t + 3 + 36. Suppose -4*v - 3*w = -c, 2*v - w - 16 = -2*w. What is the remainder when v is divided by 2?
0
Let g(v) = -v**3 - 6*v**2 + 4*v + 8. Let s be g(-5). Let f = 37 + s. Suppose -3*d + f*d + 354 = 0. Calculate the remainder when d is divided by 30.
28
Suppose 2*c + 3*g + 67 + 66 = 0, -c + g - 54 = 0. Let r = c - -94. What is the remainder when r is divided by (38/6)/((-1)/(-3))?
16
Let l = 27 - 46. Let h = -27 - l. Let y(u) = -2*u + 1. What is the remainder when y(h) is divided by 5?
2
Calculate the remainder when 6/4*76/3 is divided by 14.
10
Let q(c) = c**3 + 8*c**2 - 10*c + 3. Let j be q(-9). Suppose 27*i - 23*i = j. Calculate the remainder when 26 is divided by i.
2
Suppose 2*i = -34*r + 31*r + 62, 0 = i - 2*r - 52. Let u = 6 - -1. What is the remainder when i is divided by u?
5
Let x = 55 + -23. Suppose -w - 2*v - 2*v + 33 = 0, 4*v + x = 4*w. Calculate the remainder when w is divided by 9.
4
What is the remainder when (-7 + 1)/((-382)/34189) is divided by 60?
57
Calculate the remainder when 169 is divided by 267/6 + 45/(-30).
40
Suppose 5*r - 33 = 3*w, -3*r - w = 4*w - 47. Suppose -33 = -2*d - b - 0*b, 0 = 2*d + 2*b - 36. Calculate the remainder when 12/r*(21 - 0) is divided by d.
13
Let t = -27 - -62. Calculate the remainder when 383 is divided by t.
33
Let h be (-5)/(15/6) - 0. Let l be 80 - ((-6)/h)/(-1). Let x = l + -22. What is the remainder when x is divided by 21?
19
Suppose -2*f - 7 = -5*i, -f + 3 = 2*f - 3*i. Suppose -3*y = -2*r - 59, 0 = -f*y + 2*y - 3*r + 61. What is the remainder when y is divided by 12?
11
Let l(n) = -23*n**3 + n. Suppose 2*t - 3*k - 13 = 0, 0*t - 4*k = 4*t + 24. Calculate the remainder when l(t) is divided by ((-26)/6)/(3/(-9)).
9
Let z(y) = -2*y**3 - 23*y**2 + 19*y + 5. Calculate the remainder when z(-13) is divided by 85.
10
Let s(x) = x**3 - 7*x**2 + 11*x + 13. Let t be s(9). Suppose 6*q - t - 32 = 0. What is the remainder when 150 is divided by q?
48
Suppose 980 = 5*g + 30*g. Calculate the remainder when 64 is divided by g.
8
Suppose 0 = -3*a + 2*o + 157, 0*a + 172 = 3*a - 5*o. Let p(j) = -j + 13. Let b be (96/(-36))/((-2)/(-3)). What is the remainder when a is divided by p(b)?
15
Let c be 2 - 1 - (-6)/6. Let t(a) = 5*a**3 - 4*a + 3. Let r = 21 + -12. What is the remainder when t(c) is divided by r?
8
Suppose -4*l + a = 2 + 1, -3*a = -2*l - 9. Suppose 0*h + h = 3*s - 145, 2*s - h - 98 = l. Let d = s - 20. Calculate the remainder when 107 is divided by d.
26
Suppose 0 = -3*n + 5*h - 16, 7*h - 2*h = n + 22. Calculate the remainder when 11 is divided by n.
2
Let k(g) = 13*g**2 - 6*g + 3. Calculate the remainder when k(3) is divided by 15.
12
Suppose 3*x + z = 8*x - 143, -5*x - z = -147. Calculate the remainder when x is divided by 25/10*14 - 20.
14
Let y(w) be the third derivative of 4*w**2 + 1/2*w**4 + 1/3*w**3 + 0*w + 0. Calculate the remainder when y(3) is divided by 13.
12
Let l = 106 - 98. Let o = 69 - 32. What is the remainder when o is divided by l?
5
Suppose -28*p = -25*p - 9. Suppose 2*s - 1 - 5 = 0. Suppose s*k - 4 = 23. What is the remainder when k is divided by p?
0
Suppose 0 = -5*h + 4*r - 8*r + 7, -4*h = -5*r + 19. Let z be h + 4 + 69 + -2. Calculate the remainder when 32 is divided by z/4 - (-3)/(-6).
15
Suppose -34 = -2*i + 4*v - 10, 0 = -2*i + 3*v + 20. Suppose -80 = -2*g - i. Let d(c) = -c**3 + 4*c**2 + c + 1. What is the remainder when g is divided by d(3)?
12
Let s = -268 - -122. Let v = s - -251. What is the remainder when v is divided by 36?
33
Let c = 107 - 105. Suppose 5*x = 3*w - 97, 8 = -2*x - c. Calculate the remainder when w is divided by 9.
6
Suppose -2*x + 2 = -8. Suppose 0 = -x*a + 79 + 56. Calculate the remainder when 51 is divided by a.
24
Let z = -111 + 197. Calculate the remainder when z is divided by 44.
42
Let o be (24 - 4)/(-1 + 3). Suppose -i - 6 = -5*z, 6*i - i + o = 5*z. Let k = z - -8. Calculate the remainder when 33 is divided by k.
6
Suppose -37 = 2*k - 13. What is the remainder when 44 is divided by 128/k*9/(-6)?
12
Let w = -14 - -14. Suppose -4*o + 0 = -3*y + 49, 4*o - 20 = w. Suppose 15 + 7 = 3*i - j, 4*i - 20 = -j. Calculate the remainder when y is divided by i.
5
Suppose 0 = 3*g + 5*b - 520, 2*g + 2*g - 4*b = 704. What is the remainder when g is divided by 45?
40
Let r(d) = 5*d**2 - 11*d + 5. Let f be r(4). Let p = 68 - f. Calculate the remainder when p is divided by 6.
3
Let z be 13/3 - 5/15. Let t(n) = n**3 - 4*n**2 + n. Let c be t(z). Suppose -c - 18 = -f. Calculate the remainder when f is divided by 6.
4
Suppose 0 = x + 4*q - 18, -80 = -21*x + 18*x + q. What is the remainder when 3223 is divided by x?
25
Suppose -3*y = -5*n + 2*n + 12, 5*y + n = 4. Let m be -42 + 18 - (y + 1). Let j = m + 30. Calculate the remainder when j is divided by 4.
1
Let m = 254 - 108. Let q be (-300)/(-18) - 1/(-3). Suppose m - q = 3*a. What is the remainder when a is divided by 11?
10
Let j(t) be the second derivative of t**4/4 - 3*t**2 + 11*t. Let y = -14 - -29. What is the remainder when y is divided by j(-2)?
3
Let h(c) = c**3 - 5*c**2 + c - 5. Let v be h(5). Suppose v = 3*m - 5 - 64. What is the remainder when m is divided by (16/(-1))/(-1)*(-4)/(-8)?
7
What is the remainder when 0 + -2 - -2*84 is divided by ((-12)/(-10))/(-3 + (-424)/(-140))?
40
Suppose -10*r + 32 = -9*r. Let d(x) = -30*x**3 - 2*x**2. Let b be d(-2). Suppose b = 3*n + 49. Calculate the remainder when n is divided by r.
29
Let z be -1 + (1 + -4)*-1. Calculate the remainder when 88 is divided by 0/(-20) - -9*z.
16
Suppose 0 = o + 3*o + 3*c + 28, -16 = 4*c. Let i = 118 - 67. Calculate the remainder when i is divided by (o*9/(-42))/(1/21).
15
Let p(x) = 6 + 1 - 3 + 2*x + 0. Let y be p(0). Suppose -3*r = y*k - 262, 6 = -2*r + 2. Calculate the remainder when k is divided by 23.
21
Suppose 0 = 5*t - 10 - 90. Let m be 2/(-2)*3 - 18. Let k = m - -79. What is the remainder when k is divided by t?
18
Let i be ((-5)/(-10))/((-2)/(-12)). Let q = 0 + i. Let o(x) = x**3 - 2*x**2 + 2*x - 3. Calculate the remainder when 34 is divided by o(q).
10
Let c(f) = -6*f + 17. Calculate the remainder when 80 is divided by c(-4).
39
Suppose -k - 205 = -3*x + 3*k, -4*x + 285 = -3*k. Suppose x = 4*h - 5. What is the remainder when h is divided by 7?
6
Let p(j